{"id":154051,"date":"2025-11-24T12:22:32","date_gmt":"2025-11-24T12:22:32","guid":{"rendered":"https:\/\/bitsmag.ro\/aff\/shop\/uncategorized\/sistem-monitor-auto-techstar-p16-obd2-hud-afisaj-head-up-display-pentru-monitorizare-viteza-rpm-si-performanta-auto\/"},"modified":"2025-11-24T12:22:42","modified_gmt":"2025-11-24T12:22:42","slug":"sistem-monitor-auto-techstar-p16-obd2-hud-afisaj-head-up-display-pentru-monitorizare-viteza-rpm-si-performanta-auto","status":"publish","type":"product","link":"https:\/\/bitsmag.ro\/aff\/shop\/techstar-ro\/procesor-alimente\/sistem-monitor-auto-techstar-p16-obd2-hud-afisaj-head-up-display-pentru-monitorizare-viteza-rpm-si-performanta-auto\/","title":{"rendered":"Sistem Monitor Auto Techstar P16 OBD2 HUD, Afisaj Head-Up Display pentru Monitorizare Viteza, RPM si Performanta Auto"},"content":{"rendered":"<p>Sistem Monitor Auto Techstar P16 OBD2 HUD, Afisaj Head-Up Display pentru Monitorizare Viteza, RPM si Performanta Auto|\u00cembun\u0103t\u0103\u021bi\u021bi siguran\u021ba \u0219i performan\u021ba vehiculului dumneavoastr\u0103 cu Techstar P16 OBD2 HUD (Head-Up Display) \u2013 un dispozitiv digital avansat, proiectat pentru a v\u0103 oferi toate informa\u021biile esen\u021biale de care ave\u021bi nevoie, chiar \u00een c\u00e2mpul vizual. Acest aparat inteligent se conecteaz\u0103 direct la portul OBD2 al ma\u0219inii \u0219i proiecteaz\u0103 pe ecran date esen\u021biale despre vitez\u0103, tura\u021bia motorului, consumul de combustibil, temperatura lichidului de r\u0103cire \u0219i multe altele, permi\u021b\u00e2ndu-v\u0103 s\u0103 monitoriza\u021bi starea || Techstar.ro <\/p>\n<p>Disponibilitate: In Stoc<\/p>\n","protected":false},"excerpt":{"rendered":"<p>\u00cembun\u0103t\u0103\u021bi\u021bi siguran\u021ba \u0219i performan\u021ba vehiculului dumneavoastr\u0103 cu Techstar P16 OBD2 HUD (Head-Up Display) \u2013 un dispozitiv digital avansat, proiectat pentru a v\u0103 oferi toate informa\u021biile esen\u021biale de care ave\u021bi nevoie, chiar \u00een c\u00e2mpul vizual. Acest aparat inteligent se conecteaz\u0103 direct la portul OBD2 al ma\u0219inii \u0219i proiecteaz\u0103 pe ecran date esen\u021biale despre vitez\u0103, tura\u021bia motorului, consumul de combustibil, temperatura lichidului de r\u0103cire \u0219i multe altele, permi\u021b\u00e2ndu-v\u0103 s\u0103 monitoriza\u021bi starea<a class=\"button\" href=\"https:\/\/bitsmag.ro\/aff\/shop\/techstar-ro\/procesor-alimente\/sistem-monitor-auto-techstar-p16-obd2-hud-afisaj-head-up-display-pentru-monitorizare-viteza-rpm-si-performanta-auto\/\" title=\"More\">Read more<\/a><\/p>\n","protected":false},"featured_media":154052,"comment_status":"open","ping_status":"open","template":"","meta":{"_acf_changed":false},"product_brand":[],"product_cat":[13612,175],"product_tag":[],"class_list":{"0":"post-154051","1":"product","2":"type-product","3":"status-publish","4":"has-post-thumbnail","6":"product_cat-procesor-alimente","7":"product_cat-techstar-ro","8":"pa_stock-disponibilitate-in-stoc","10":"first","11":"instock","12":"sale","13":"product-type-external"},"acf":[],"_links":{"self":[{"href":"https:\/\/bitsmag.ro\/aff\/wp-json\/wp\/v2\/product\/154051","targetHints":{"allow":["GET"]}}],"collection":[{"href":"https:\/\/bitsmag.ro\/aff\/wp-json\/wp\/v2\/product"}],"about":[{"href":"https:\/\/bitsmag.ro\/aff\/wp-json\/wp\/v2\/types\/product"}],"replies":[{"embeddable":true,"href":"https:\/\/bitsmag.ro\/aff\/wp-json\/wp\/v2\/comments?post=154051"}],"wp:featuredmedia":[{"embeddable":true,"href":"https:\/\/bitsmag.ro\/aff\/wp-json\/wp\/v2\/media\/154052"}],"wp:attachment":[{"href":"https:\/\/bitsmag.ro\/aff\/wp-json\/wp\/v2\/media?parent=154051"}],"wp:term":[{"taxonomy":"product_brand","embeddable":true,"href":"https:\/\/bitsmag.ro\/aff\/wp-json\/wp\/v2\/product_brand?post=154051"},{"taxonomy":"product_cat","embeddable":true,"href":"https:\/\/bitsmag.ro\/aff\/wp-json\/wp\/v2\/product_cat?post=154051"},{"taxonomy":"product_tag","embeddable":true,"href":"https:\/\/bitsmag.ro\/aff\/wp-json\/wp\/v2\/product_tag?post=154051"}],"curies":[{"name":"wp","href":"https:\/\/api.w.org\/{rel}","templated":true}]}}