{"id":154437,"date":"2025-08-01T12:56:31","date_gmt":"2025-08-01T12:56:31","guid":{"rendered":"https:\/\/bitsmag.ro\/aff\/shop\/uncategorized\/resigilat-scaner-bluetooth-obd2-pentru-diagnosticare-auto-thinkdiag-sistem-complet-cititor-de-coduri-15-functii-de-intretinere-pentru-masini-din-1996-compatibil-ios-android-negru\/"},"modified":"2025-08-01T12:56:38","modified_gmt":"2025-08-01T12:56:38","slug":"resigilat-scaner-bluetooth-obd2-pentru-diagnosticare-auto-thinkdiag-sistem-complet-cititor-de-coduri-15-functii-de-intretinere-pentru-masini-din-1996-compatibil-ios-android-negru","status":"publish","type":"product","link":"https:\/\/bitsmag.ro\/aff\/shop\/techstar-ro\/becuri\/resigilat-scaner-bluetooth-obd2-pentru-diagnosticare-auto-thinkdiag-sistem-complet-cititor-de-coduri-15-functii-de-intretinere-pentru-masini-din-1996-compatibil-ios-android-negru\/","title":{"rendered":"Resigilat Scaner Bluetooth OBD2 pentru diagnosticare auto THINKDIAG, Sistem complet Cititor de coduri, 15 func\u021bii de \u00eentre\u021binere pentru ma\u0219ini din 1996, compatibil iOS\/Android, Negru"},"content":{"rendered":"<p>Resigilat Scaner Bluetooth OBD2 pentru diagnosticare auto THINKDIAG, Sistem complet Cititor de coduri, 15 func\u021bii de \u00eentre\u021binere pentru ma\u0219ini din 1996, compatibil iOS\/Android, Negru|Scannerul Bluetooth de la Techstar\u00ae este un instrument de diagnosticare simplu de utilizat, care asigur\u0103 c\u0103 ma\u0219ina dumneavoastr\u0103 este preg\u0103tit\u0103 pentru orice c\u0103l\u0103torie pe drum. Acest instrument de scanare pentru testeri de diagnosticare d\u0103 putere oric\u0103rui consumator, tehnician sau entuziast bricolaj s\u0103 efectueze \u00eentre\u021binerea ma\u0219inii. THINKDIAG este un instrument de diagnosticare portabil \u0219i versatil, care va fi util pentru mul\u021bi ani de acum \u00eenainte. Acest instrument de scanare se conecteaz\u0103 la || Techstar.ro <\/p>\n<p>Disponibilitate: In Stoc<\/p>\n","protected":false},"excerpt":{"rendered":"<p>Scannerul Bluetooth de la Techstar\u00ae este un instrument de diagnosticare simplu de utilizat, care asigur\u0103 c\u0103 ma\u0219ina dumneavoastr\u0103 este preg\u0103tit\u0103 pentru orice c\u0103l\u0103torie pe drum. Acest instrument de scanare pentru testeri de diagnosticare d\u0103 putere oric\u0103rui consumator, tehnician sau entuziast bricolaj s\u0103 efectueze \u00eentre\u021binerea ma\u0219inii. THINKDIAG este un instrument de diagnosticare portabil \u0219i versatil, care va fi util pentru mul\u021bi ani de acum \u00eenainte. Acest instrument de scanare se conecteaz\u0103 la<a class=\"button\" href=\"https:\/\/bitsmag.ro\/aff\/shop\/techstar-ro\/becuri\/resigilat-scaner-bluetooth-obd2-pentru-diagnosticare-auto-thinkdiag-sistem-complet-cititor-de-coduri-15-functii-de-intretinere-pentru-masini-din-1996-compatibil-ios-android-negru\/\" title=\"More\">Read more<\/a><\/p>\n","protected":false},"featured_media":154438,"comment_status":"open","ping_status":"open","template":"","meta":{"_acf_changed":false},"product_brand":[],"product_cat":[13555,175],"product_tag":[],"class_list":{"0":"post-154437","1":"product","2":"type-product","3":"status-publish","4":"has-post-thumbnail","6":"product_cat-becuri","7":"product_cat-techstar-ro","8":"pa_stock-disponibilitate-in-stoc","10":"first","11":"instock","12":"sale","13":"product-type-external"},"acf":[],"_links":{"self":[{"href":"https:\/\/bitsmag.ro\/aff\/wp-json\/wp\/v2\/product\/154437","targetHints":{"allow":["GET"]}}],"collection":[{"href":"https:\/\/bitsmag.ro\/aff\/wp-json\/wp\/v2\/product"}],"about":[{"href":"https:\/\/bitsmag.ro\/aff\/wp-json\/wp\/v2\/types\/product"}],"replies":[{"embeddable":true,"href":"https:\/\/bitsmag.ro\/aff\/wp-json\/wp\/v2\/comments?post=154437"}],"wp:featuredmedia":[{"embeddable":true,"href":"https:\/\/bitsmag.ro\/aff\/wp-json\/wp\/v2\/media\/154438"}],"wp:attachment":[{"href":"https:\/\/bitsmag.ro\/aff\/wp-json\/wp\/v2\/media?parent=154437"}],"wp:term":[{"taxonomy":"product_brand","embeddable":true,"href":"https:\/\/bitsmag.ro\/aff\/wp-json\/wp\/v2\/product_brand?post=154437"},{"taxonomy":"product_cat","embeddable":true,"href":"https:\/\/bitsmag.ro\/aff\/wp-json\/wp\/v2\/product_cat?post=154437"},{"taxonomy":"product_tag","embeddable":true,"href":"https:\/\/bitsmag.ro\/aff\/wp-json\/wp\/v2\/product_tag?post=154437"}],"curies":[{"name":"wp","href":"https:\/\/api.w.org\/{rel}","templated":true}]}}