{"id":82323,"date":"2025-04-21T16:29:46","date_gmt":"2025-04-21T16:29:46","guid":{"rendered":"https:\/\/bitsmag.ro\/aff\/shop\/uncategorized\/imprimanta-laserjet-monocrom-hp-p3015-a4-duplex-usb-toner-inclus-pagini-printate-50-100k-2-ani-garantie-refurbished\/"},"modified":"2025-04-21T16:29:53","modified_gmt":"2025-04-21T16:29:53","slug":"imprimanta-laserjet-monocrom-hp-p3015-a4-duplex-usb-toner-inclus-pagini-printate-50-100k-2-ani-garantie-refurbished","status":"publish","type":"product","link":"https:\/\/bitsmag.ro\/aff\/shop\/citgrup-ro\/imprimante-citgrup-ro\/refurbished\/imprimanta-laserjet-monocrom-hp-p3015-a4-duplex-usb-toner-inclus-pagini-printate-50-100k-2-ani-garantie-refurbished\/","title":{"rendered":"Imprimanta LaserJet Monocrom, HP P3015, A4, Duplex, USB, Toner inclus, Pagini printate 50 &#8211; 100K, 2 Ani Garantie, Refurbished"},"content":{"rendered":"<p>Refurbished cu garan\u021bie 3 ani (estetic arat\u0103 excelent, poate prezenta mici zg\u00e2rieturi insesizabile, perfect functional) Departamentele IT au devenit preocupate de eficien\u021ba energetic\u0103, c\u0103ut\u00e2nd s\u0103 economiseasc\u0103 fiecare watt posibil, f\u0103r\u0103 sa sacrifice performan\u021ba. Eficienta \u00eenseamn\u0103 procentul puterii pierdute in conversia din AC in DC. O sursa cu eficienta 80+ este capabila de o eficienta de 80%. Produsele citgrup.ro au surse cu eficienta de minim 80+ astfel poti economi<\/p>\n<p>Disponibilitate: In Stoc<br \/>\n<br \/>\n<img src =https:\/\/api.citgrup.ro\/storage\/products\/2023\/10\/P3015_cit_grup_1.webp alt =Imprimanta LaserJet Monocrom, HP P3015, A4, Duplex, USB, Toner inclus, Pagini printate 50 - 100K, 2 Ani Garantie, Refurbished><\/><\/p>\n","protected":false},"excerpt":{"rendered":"<p>Refurbished cu garan\u021bie 3 ani (estetic arat\u0103 excelent, poate prezenta mici zg\u00e2rieturi insesizabile, perfect functional) Departamentele IT au devenit preocupate de eficien\u021ba energetic\u0103, c\u0103ut\u00e2nd s\u0103 economiseasc\u0103 fiecare watt posibil, f\u0103r\u0103 sa sacrifice performan\u021ba. Eficienta \u00eenseamn\u0103 procentul puterii pierdute in conversia din AC in DC. O sursa cu eficienta 80+ este capabila de o eficienta de 80%. Produsele citgrup.ro au surse cu eficienta de minim 80+ astfel poti economi<a class=\"button\" href=\"https:\/\/bitsmag.ro\/aff\/shop\/citgrup-ro\/imprimante-citgrup-ro\/refurbished\/imprimanta-laserjet-monocrom-hp-p3015-a4-duplex-usb-toner-inclus-pagini-printate-50-100k-2-ani-garantie-refurbished\/\" title=\"More\">Read more<\/a><\/p>\n","protected":false},"featured_media":82188,"comment_status":"open","ping_status":"open","template":"","meta":{"_acf_changed":false},"product_brand":[],"product_cat":[170,13386,13470],"product_tag":[],"class_list":{"0":"post-82323","1":"product","2":"type-product","3":"status-publish","4":"has-post-thumbnail","6":"product_cat-citgrup-ro","7":"product_cat-imprimante-citgrup-ro","8":"product_cat-refurbished","9":"pa_disponibilitate-disponibilitate-in-stoc","11":"first","12":"instock","13":"product-type-external"},"acf":[],"_links":{"self":[{"href":"https:\/\/bitsmag.ro\/aff\/wp-json\/wp\/v2\/product\/82323","targetHints":{"allow":["GET"]}}],"collection":[{"href":"https:\/\/bitsmag.ro\/aff\/wp-json\/wp\/v2\/product"}],"about":[{"href":"https:\/\/bitsmag.ro\/aff\/wp-json\/wp\/v2\/types\/product"}],"replies":[{"embeddable":true,"href":"https:\/\/bitsmag.ro\/aff\/wp-json\/wp\/v2\/comments?post=82323"}],"wp:featuredmedia":[{"embeddable":true,"href":"https:\/\/bitsmag.ro\/aff\/wp-json\/wp\/v2\/media\/82188"}],"wp:attachment":[{"href":"https:\/\/bitsmag.ro\/aff\/wp-json\/wp\/v2\/media?parent=82323"}],"wp:term":[{"taxonomy":"product_brand","embeddable":true,"href":"https:\/\/bitsmag.ro\/aff\/wp-json\/wp\/v2\/product_brand?post=82323"},{"taxonomy":"product_cat","embeddable":true,"href":"https:\/\/bitsmag.ro\/aff\/wp-json\/wp\/v2\/product_cat?post=82323"},{"taxonomy":"product_tag","embeddable":true,"href":"https:\/\/bitsmag.ro\/aff\/wp-json\/wp\/v2\/product_tag?post=82323"}],"curies":[{"name":"wp","href":"https:\/\/api.w.org\/{rel}","templated":true}]}}