{"id":85095,"date":"2025-08-01T12:58:02","date_gmt":"2025-08-01T12:58:02","guid":{"rendered":"https:\/\/bitsmag.ro\/aff\/shop\/uncategorized\/resigilat-gard-perimetru-883-electric-wireless-300-metri-cu-5-nivele-plus-zgarda-pentru-dresat\/"},"modified":"2025-08-01T12:58:05","modified_gmt":"2025-08-01T12:58:05","slug":"resigilat-gard-perimetru-883-electric-wireless-300-metri-cu-5-nivele-plus-zgarda-pentru-dresat","status":"publish","type":"product","link":"https:\/\/bitsmag.ro\/aff\/shop\/techstar-ro\/cartuse-toner-oki\/resigilat-gard-perimetru-883-electric-wireless-300-metri-cu-5-nivele-plus-zgarda-pentru-dresat\/","title":{"rendered":"Resigilat Gard Perimetru 883 Electric Wireless 300 Metri cu 5 Nivele Plus Zgarda Pentru Dresat"},"content":{"rendered":"<p>Resigilat Gard Perimetru 883 Electric Wireless 300 Metri cu 5 Nivele Plus Zgarda Pentru Dresat|Produsul poate prezenta urme minime de folosinta, lipsa folie protectie, cutie deteriorata\/lipsa, usoare zgarieturi etc. Sistemul de gard electronic pentru animale de companie garanteaza in siguranta antrenamentul pentru acestea. Acesta nu necesita cabluri \u0219i este foarte convenabil pentru a stabili zone sigure pentru comportamentul animalelor de companie. Centralizat \u00een jurul transmi\u021b\u0103torului, telecomanda poate ajunge la o raz\u0103 de p\u00e2n\u0103 la 300 metri \u0219i poate acoperi p\u00e2n\u0103 la 28 de hectare. || Techstar.ro <\/p>\n<p>Disponibilitate: In Stoc<\/p>\n","protected":false},"excerpt":{"rendered":"<p>Produsul poate prezenta urme minime de folosinta, lipsa folie protectie, cutie deteriorata\/lipsa, usoare zgarieturi etc. Sistemul de gard electronic pentru animale de companie garanteaza in siguranta antrenamentul pentru acestea. Acesta nu necesita cabluri \u0219i este foarte convenabil pentru a stabili zone sigure pentru comportamentul animalelor de companie. Centralizat \u00een jurul transmi\u021b\u0103torului, telecomanda poate ajunge la o raz\u0103 de p\u00e2n\u0103 la 300 metri \u0219i poate acoperi p\u00e2n\u0103 la 28 de hectare.<a class=\"button\" href=\"https:\/\/bitsmag.ro\/aff\/shop\/techstar-ro\/cartuse-toner-oki\/resigilat-gard-perimetru-883-electric-wireless-300-metri-cu-5-nivele-plus-zgarda-pentru-dresat\/\" title=\"More\">Read more<\/a><\/p>\n","protected":false},"featured_media":69742,"comment_status":"open","ping_status":"open","template":"","meta":{"_acf_changed":false},"product_brand":[],"product_cat":[13537,175],"product_tag":[],"class_list":{"0":"post-85095","1":"product","2":"type-product","3":"status-publish","4":"has-post-thumbnail","6":"product_cat-cartuse-toner-oki","7":"product_cat-techstar-ro","8":"pa_stock-disponibilitate-in-stoc","10":"first","11":"instock","12":"sale","13":"product-type-external"},"acf":[],"_links":{"self":[{"href":"https:\/\/bitsmag.ro\/aff\/wp-json\/wp\/v2\/product\/85095","targetHints":{"allow":["GET"]}}],"collection":[{"href":"https:\/\/bitsmag.ro\/aff\/wp-json\/wp\/v2\/product"}],"about":[{"href":"https:\/\/bitsmag.ro\/aff\/wp-json\/wp\/v2\/types\/product"}],"replies":[{"embeddable":true,"href":"https:\/\/bitsmag.ro\/aff\/wp-json\/wp\/v2\/comments?post=85095"}],"wp:featuredmedia":[{"embeddable":true,"href":"https:\/\/bitsmag.ro\/aff\/wp-json\/wp\/v2\/media\/69742"}],"wp:attachment":[{"href":"https:\/\/bitsmag.ro\/aff\/wp-json\/wp\/v2\/media?parent=85095"}],"wp:term":[{"taxonomy":"product_brand","embeddable":true,"href":"https:\/\/bitsmag.ro\/aff\/wp-json\/wp\/v2\/product_brand?post=85095"},{"taxonomy":"product_cat","embeddable":true,"href":"https:\/\/bitsmag.ro\/aff\/wp-json\/wp\/v2\/product_cat?post=85095"},{"taxonomy":"product_tag","embeddable":true,"href":"https:\/\/bitsmag.ro\/aff\/wp-json\/wp\/v2\/product_tag?post=85095"}],"curies":[{"name":"wp","href":"https:\/\/api.w.org\/{rel}","templated":true}]}}