{"id":85112,"date":"2024-12-13T19:02:08","date_gmt":"2024-12-13T19:02:08","guid":{"rendered":"https:\/\/bitsmag.ro\/aff\/shop\/uncategorized\/aplica-de-perete-techstar-led-5w-lumina-calda-3000k-carcasa-aluminiu-protectie-ip65-ideala-pentru-exterior-si-interior\/"},"modified":"2024-12-13T19:02:18","modified_gmt":"2024-12-13T19:02:18","slug":"aplica-de-perete-techstar-led-5w-lumina-calda-3000k-carcasa-aluminiu-protectie-ip65-ideala-pentru-exterior-si-interior","status":"publish","type":"product","link":"https:\/\/bitsmag.ro\/aff\/shop\/techstar-ro\/cartuse-toner-brother\/aplica-de-perete-techstar-led-5w-lumina-calda-3000k-carcasa-aluminiu-protectie-ip65-ideala-pentru-exterior-si-interior\/","title":{"rendered":"Aplica de Perete Techstar\u00ae LED 5W, Lumina Calda 3000K, Carcasa Aluminiu, Protec\u021bie IP65, Ideala pentru Exterior si Interior"},"content":{"rendered":"<p>Aplica de Perete Techstar\u00ae LED 5W, Lumina Calda 3000K, Carcasa Aluminiu, Protec\u021bie IP65, Ideala pentru Exterior si Interior|Design \u0219i Materiale: Aplica LED CMJ-E01-5-5W este conceput\u0103 cu un corp din aluminiu de \u00eenalt\u0103 calitate, oferind at\u00e2t durabilitate, c\u00e2t \u0219i un aspect elegant, potrivit pentru orice tip de decor. Fiind clasificat\u0103 IP65, aceast\u0103 aplica este rezistent\u0103 la ap\u0103 \u0219i praf, ceea ce o face ideal\u0103 pentru utilizare at\u00e2t \u00een interior, c\u00e2t \u0219i \u00een exterior. Putere \u0219i Lumin\u0103: Aceast\u0103 aplica utilizeaz\u0103 un LED de 5W, oferind o lumin\u0103 cald\u0103, pl\u0103cut\u0103, cu o temperatur\u0103 de culoare de 3000K. Aceasta creeaz\u0103 o || Techstar.ro <\/p>\n<p>Disponibilitate: In Stoc<\/p>\n","protected":false},"excerpt":{"rendered":"<p>Design \u0219i Materiale: Aplica LED CMJ-E01-5-5W este conceput\u0103 cu un corp din aluminiu de \u00eenalt\u0103 calitate, oferind at\u00e2t durabilitate, c\u00e2t \u0219i un aspect elegant, potrivit pentru orice tip de decor. Fiind clasificat\u0103 IP65, aceast\u0103 aplica este rezistent\u0103 la ap\u0103 \u0219i praf, ceea ce o face ideal\u0103 pentru utilizare at\u00e2t \u00een interior, c\u00e2t \u0219i \u00een exterior. Putere \u0219i Lumin\u0103: Aceast\u0103 aplica utilizeaz\u0103 un LED de 5W, oferind o lumin\u0103 cald\u0103, pl\u0103cut\u0103, cu o temperatur\u0103 de culoare de 3000K. Aceasta creeaz\u0103 o<a class=\"button\" href=\"https:\/\/bitsmag.ro\/aff\/shop\/techstar-ro\/cartuse-toner-brother\/aplica-de-perete-techstar-led-5w-lumina-calda-3000k-carcasa-aluminiu-protectie-ip65-ideala-pentru-exterior-si-interior\/\" title=\"More\">Read more<\/a><\/p>\n","protected":false},"featured_media":69766,"comment_status":"open","ping_status":"open","template":"","meta":{"_acf_changed":false},"product_brand":[],"product_cat":[13545,175],"product_tag":[],"class_list":{"0":"post-85112","1":"product","2":"type-product","3":"status-publish","4":"has-post-thumbnail","6":"product_cat-cartuse-toner-brother","7":"product_cat-techstar-ro","8":"pa_stock-disponibilitate-in-stoc","10":"first","11":"instock","12":"product-type-external"},"acf":[],"_links":{"self":[{"href":"https:\/\/bitsmag.ro\/aff\/wp-json\/wp\/v2\/product\/85112","targetHints":{"allow":["GET"]}}],"collection":[{"href":"https:\/\/bitsmag.ro\/aff\/wp-json\/wp\/v2\/product"}],"about":[{"href":"https:\/\/bitsmag.ro\/aff\/wp-json\/wp\/v2\/types\/product"}],"replies":[{"embeddable":true,"href":"https:\/\/bitsmag.ro\/aff\/wp-json\/wp\/v2\/comments?post=85112"}],"wp:featuredmedia":[{"embeddable":true,"href":"https:\/\/bitsmag.ro\/aff\/wp-json\/wp\/v2\/media\/69766"}],"wp:attachment":[{"href":"https:\/\/bitsmag.ro\/aff\/wp-json\/wp\/v2\/media?parent=85112"}],"wp:term":[{"taxonomy":"product_brand","embeddable":true,"href":"https:\/\/bitsmag.ro\/aff\/wp-json\/wp\/v2\/product_brand?post=85112"},{"taxonomy":"product_cat","embeddable":true,"href":"https:\/\/bitsmag.ro\/aff\/wp-json\/wp\/v2\/product_cat?post=85112"},{"taxonomy":"product_tag","embeddable":true,"href":"https:\/\/bitsmag.ro\/aff\/wp-json\/wp\/v2\/product_tag?post=85112"}],"curies":[{"name":"wp","href":"https:\/\/api.w.org\/{rel}","templated":true}]}}