{"id":85131,"date":"2025-08-01T12:58:14","date_gmt":"2025-08-01T12:58:14","guid":{"rendered":"https:\/\/bitsmag.ro\/aff\/shop\/uncategorized\/aplica-de-tavan-techstar-led-5w-alba-6500k-corp-aluminiu-design-cilindric-rezistenta-la-umiditate-ip44\/"},"modified":"2025-08-01T12:58:23","modified_gmt":"2025-08-01T12:58:23","slug":"aplica-de-tavan-techstar-led-5w-alba-6500k-corp-aluminiu-design-cilindric-rezistenta-la-umiditate-ip44","status":"publish","type":"product","link":"https:\/\/bitsmag.ro\/aff\/shop\/techstar-ro\/cartuse-toner-hp\/aplica-de-tavan-techstar-led-5w-alba-6500k-corp-aluminiu-design-cilindric-rezistenta-la-umiditate-ip44\/","title":{"rendered":"Aplica de Tavan Techstar\u00ae LED 5W, Alba, 6500K, Corp Aluminiu, Design Cilindric, Rezistenta la Umiditate, IP44"},"content":{"rendered":"<p>Aplica de Tavan Techstar\u00ae LED 5W, Alba, 6500K, Corp Aluminiu, Design Cilindric, Rezistenta la Umiditate, IP44|Transform\u0103-\u021bi spa\u021biul cu un iluminat modern \u0219i eficient, utiliz\u00e2nd acest spot LED de tavan de 5W cu form\u0103 cilindric\u0103, ideal pentru a ad\u0103uga o not\u0103 contemporan\u0103 oric\u0103rui interior. Cu un design minimalist \u0219i elegant, acest corp de iluminat este fabricat din aluminiu de \u00eenalt\u0103 calitate \u0219i ofer\u0103 o temperatur\u0103 de culoare de 6500K, perfect\u0103 pentru iluminatul clar \u0219i rece, ideal \u00een spa\u021bii unde vizibilitatea este esen\u021bial\u0103. Caracteristici principale: Eficien\u021b\u0103 energetic\u0103 : Cu un consum || Techstar.ro <\/p>\n<p>Disponibilitate: In Stoc<\/p>\n","protected":false},"excerpt":{"rendered":"<p>Transform\u0103-\u021bi spa\u021biul cu un iluminat modern \u0219i eficient, utiliz\u00e2nd acest spot LED de tavan de 5W cu form\u0103 cilindric\u0103, ideal pentru a ad\u0103uga o not\u0103 contemporan\u0103 oric\u0103rui interior. Cu un design minimalist \u0219i elegant, acest corp de iluminat este fabricat din aluminiu de \u00eenalt\u0103 calitate \u0219i ofer\u0103 o temperatur\u0103 de culoare de 6500K, perfect\u0103 pentru iluminatul clar \u0219i rece, ideal \u00een spa\u021bii unde vizibilitatea este esen\u021bial\u0103. Caracteristici principale: Eficien\u021b\u0103 energetic\u0103 : Cu un consum<a class=\"button\" href=\"https:\/\/bitsmag.ro\/aff\/shop\/techstar-ro\/cartuse-toner-hp\/aplica-de-tavan-techstar-led-5w-alba-6500k-corp-aluminiu-design-cilindric-rezistenta-la-umiditate-ip44\/\" title=\"More\">Read more<\/a><\/p>\n","protected":false},"featured_media":69808,"comment_status":"open","ping_status":"open","template":"","meta":{"_acf_changed":false},"product_brand":[],"product_cat":[13547,175],"product_tag":[],"class_list":{"0":"post-85131","1":"product","2":"type-product","3":"status-publish","4":"has-post-thumbnail","6":"product_cat-cartuse-toner-hp","7":"product_cat-techstar-ro","8":"pa_stock-disponibilitate-in-stoc","10":"first","11":"instock","12":"sale","13":"product-type-external"},"acf":[],"_links":{"self":[{"href":"https:\/\/bitsmag.ro\/aff\/wp-json\/wp\/v2\/product\/85131","targetHints":{"allow":["GET"]}}],"collection":[{"href":"https:\/\/bitsmag.ro\/aff\/wp-json\/wp\/v2\/product"}],"about":[{"href":"https:\/\/bitsmag.ro\/aff\/wp-json\/wp\/v2\/types\/product"}],"replies":[{"embeddable":true,"href":"https:\/\/bitsmag.ro\/aff\/wp-json\/wp\/v2\/comments?post=85131"}],"wp:featuredmedia":[{"embeddable":true,"href":"https:\/\/bitsmag.ro\/aff\/wp-json\/wp\/v2\/media\/69808"}],"wp:attachment":[{"href":"https:\/\/bitsmag.ro\/aff\/wp-json\/wp\/v2\/media?parent=85131"}],"wp:term":[{"taxonomy":"product_brand","embeddable":true,"href":"https:\/\/bitsmag.ro\/aff\/wp-json\/wp\/v2\/product_brand?post=85131"},{"taxonomy":"product_cat","embeddable":true,"href":"https:\/\/bitsmag.ro\/aff\/wp-json\/wp\/v2\/product_cat?post=85131"},{"taxonomy":"product_tag","embeddable":true,"href":"https:\/\/bitsmag.ro\/aff\/wp-json\/wp\/v2\/product_tag?post=85131"}],"curies":[{"name":"wp","href":"https:\/\/api.w.org\/{rel}","templated":true}]}}