{"id":85540,"date":"2025-08-01T13:00:03","date_gmt":"2025-08-01T13:00:03","guid":{"rendered":"https:\/\/bitsmag.ro\/aff\/shop\/uncategorized\/aplica-led-de-perete-pentru-exterior-techstar-cm-dm-bd01-putere-3w-culoare-lumina-3000k-400-lm-8-x-8-cm-ip-65-negru\/"},"modified":"2025-08-01T13:00:09","modified_gmt":"2025-08-01T13:00:09","slug":"aplica-led-de-perete-pentru-exterior-techstar-cm-dm-bd01-putere-3w-culoare-lumina-3000k-400-lm-8-x-8-cm-ip-65-negru","status":"publish","type":"product","link":"https:\/\/bitsmag.ro\/aff\/shop\/techstar-ro\/cartuse-toner-brother\/aplica-led-de-perete-pentru-exterior-techstar-cm-dm-bd01-putere-3w-culoare-lumina-3000k-400-lm-8-x-8-cm-ip-65-negru\/","title":{"rendered":"Aplica LED De Perete Pentru Exterior Techstar\u00ae CM-DM-BD01, Putere 3W, Culoare Lumina 3000K, 400 lm, 8 x 8 Cm, IP 65, Negru"},"content":{"rendered":"<p>Aplica LED De Perete Pentru Exterior Techstar\u00ae CM-DM-BD01, Putere 3W, Culoare Lumina 3000K, 400 lm, 8 x 8 Cm, IP 65, Negru|Ilumina\u021bi spa\u021biile exterioare cu Aplica LED Techstar\u00ae CM-DM-BD01, o solu\u021bie de iluminat exterior eficient\u0103 \u0219i stilat\u0103. Cu o protec\u021bie IP65, aceast\u0103 aplica este ideal\u0103 pentru a rezista condi\u021biilor meteorologice, fiind perfect\u0103 pentru a ad\u0103uga o lumin\u0103 cald\u0103 \u0219i primitoare \u00een jurul casei dvs. Compact\u0103 \u0219i elegant\u0103, Aplica LED Techstar\u00ae CM-DM-BD01 are o lungime de 8 cm \u0219i un design cubic, care ofer\u0103 o estetic\u0103 minimalist\u0103 \u0219i modern\u0103. Finisajul negru confer\u0103 un aspect contemporan \u0219i versatil, || Techstar.ro <\/p>\n<p>Disponibilitate: In Stoc<\/p>\n","protected":false},"excerpt":{"rendered":"<p>Ilumina\u021bi spa\u021biile exterioare cu Aplica LED Techstar\u00ae CM-DM-BD01, o solu\u021bie de iluminat exterior eficient\u0103 \u0219i stilat\u0103. Cu o protec\u021bie IP65, aceast\u0103 aplica este ideal\u0103 pentru a rezista condi\u021biilor meteorologice, fiind perfect\u0103 pentru a ad\u0103uga o lumin\u0103 cald\u0103 \u0219i primitoare \u00een jurul casei dvs. Compact\u0103 \u0219i elegant\u0103, Aplica LED Techstar\u00ae CM-DM-BD01 are o lungime de 8 cm \u0219i un design cubic, care ofer\u0103 o estetic\u0103 minimalist\u0103 \u0219i modern\u0103. Finisajul negru confer\u0103 un aspect contemporan \u0219i versatil,<a class=\"button\" href=\"https:\/\/bitsmag.ro\/aff\/shop\/techstar-ro\/cartuse-toner-brother\/aplica-led-de-perete-pentru-exterior-techstar-cm-dm-bd01-putere-3w-culoare-lumina-3000k-400-lm-8-x-8-cm-ip-65-negru\/\" title=\"More\">Read more<\/a><\/p>\n","protected":false},"featured_media":70571,"comment_status":"open","ping_status":"open","template":"","meta":{"_acf_changed":false},"product_brand":[],"product_cat":[13545,175],"product_tag":[],"class_list":{"0":"post-85540","1":"product","2":"type-product","3":"status-publish","4":"has-post-thumbnail","6":"product_cat-cartuse-toner-brother","7":"product_cat-techstar-ro","8":"pa_stock-disponibilitate-in-stoc","10":"first","11":"instock","12":"sale","13":"product-type-external"},"acf":[],"_links":{"self":[{"href":"https:\/\/bitsmag.ro\/aff\/wp-json\/wp\/v2\/product\/85540","targetHints":{"allow":["GET"]}}],"collection":[{"href":"https:\/\/bitsmag.ro\/aff\/wp-json\/wp\/v2\/product"}],"about":[{"href":"https:\/\/bitsmag.ro\/aff\/wp-json\/wp\/v2\/types\/product"}],"replies":[{"embeddable":true,"href":"https:\/\/bitsmag.ro\/aff\/wp-json\/wp\/v2\/comments?post=85540"}],"wp:featuredmedia":[{"embeddable":true,"href":"https:\/\/bitsmag.ro\/aff\/wp-json\/wp\/v2\/media\/70571"}],"wp:attachment":[{"href":"https:\/\/bitsmag.ro\/aff\/wp-json\/wp\/v2\/media?parent=85540"}],"wp:term":[{"taxonomy":"product_brand","embeddable":true,"href":"https:\/\/bitsmag.ro\/aff\/wp-json\/wp\/v2\/product_brand?post=85540"},{"taxonomy":"product_cat","embeddable":true,"href":"https:\/\/bitsmag.ro\/aff\/wp-json\/wp\/v2\/product_cat?post=85540"},{"taxonomy":"product_tag","embeddable":true,"href":"https:\/\/bitsmag.ro\/aff\/wp-json\/wp\/v2\/product_tag?post=85540"}],"curies":[{"name":"wp","href":"https:\/\/api.w.org\/{rel}","templated":true}]}}