{"id":85667,"date":"2025-08-01T13:00:31","date_gmt":"2025-08-01T13:00:31","guid":{"rendered":"https:\/\/bitsmag.ro\/aff\/shop\/uncategorized\/hub-usb-cu-4-porturi-techstar-huba0701-1-x-usb-3-0-3-x-usb-2-0-indicator-led-pentru-putere-comutator-independent-negru\/"},"modified":"2025-08-01T13:00:32","modified_gmt":"2025-08-01T13:00:32","slug":"hub-usb-cu-4-porturi-techstar-huba0701-1-x-usb-3-0-3-x-usb-2-0-indicator-led-pentru-putere-comutator-independent-negru","status":"publish","type":"product","link":"https:\/\/bitsmag.ro\/aff\/shop\/techstar-ro\/cartuse-toner-samsung\/hub-usb-cu-4-porturi-techstar-huba0701-1-x-usb-3-0-3-x-usb-2-0-indicator-led-pentru-putere-comutator-independent-negru\/","title":{"rendered":"Hub USB cu 4 porturi Techstar\u00ae HUBA0701, 1 x USB 3.0, 3 x USB 2.0, indicator LED pentru putere, comutator independent, Negru"},"content":{"rendered":"<p>Hub USB cu 4 porturi Techstar\u00ae HUBA0701, 1 x USB 3.0, 3 x USB 2.0, indicator LED pentru putere, comutator independent, Negru|Hub-ul USB Cu 4 Porturi Techstar\u00ae HUBA0701 este potrivit pentru conectarea hard diskului mobil, disc U, telefon mobil, camer\u0103 digital\u0103, tablet\u0103 PC \u0219i alte dispozitive USB, accept\u0103 4 dispozitive USB \u00een acela\u0219i timp. Plug and play, nu este necesar driver. Adic\u0103 pute\u021bi extinde mai multe porturi USB pentru ma\u0219ina dvs. preferat\u0103, \u00een timp ce portul USB poate fi extins \u00eentr-o pozi\u021bie de operare mai potrivit\u0103, u\u0219or de utilizat. Transfer de date ridicat USB 3.0 Hub: Suport\u0103 vitez\u0103 de transfer de || Techstar.ro <\/p>\n<p>Disponibilitate: In Stoc<\/p>\n","protected":false},"excerpt":{"rendered":"<p>Hub-ul USB Cu 4 Porturi Techstar\u00ae HUBA0701 este potrivit pentru conectarea hard diskului mobil, disc U, telefon mobil, camer\u0103 digital\u0103, tablet\u0103 PC \u0219i alte dispozitive USB, accept\u0103 4 dispozitive USB \u00een acela\u0219i timp. Plug and play, nu este necesar driver. Adic\u0103 pute\u021bi extinde mai multe porturi USB pentru ma\u0219ina dvs. preferat\u0103, \u00een timp ce portul USB poate fi extins \u00eentr-o pozi\u021bie de operare mai potrivit\u0103, u\u0219or de utilizat. Transfer de date ridicat USB 3.0 Hub: Suport\u0103 vitez\u0103 de transfer de<a class=\"button\" href=\"https:\/\/bitsmag.ro\/aff\/shop\/techstar-ro\/cartuse-toner-samsung\/hub-usb-cu-4-porturi-techstar-huba0701-1-x-usb-3-0-3-x-usb-2-0-indicator-led-pentru-putere-comutator-independent-negru\/\" title=\"More\">Read more<\/a><\/p>\n","protected":false},"featured_media":70929,"comment_status":"open","ping_status":"open","template":"","meta":{"_acf_changed":false},"product_brand":[],"product_cat":[13604,175],"product_tag":[],"class_list":{"0":"post-85667","1":"product","2":"type-product","3":"status-publish","4":"has-post-thumbnail","6":"product_cat-cartuse-toner-samsung","7":"product_cat-techstar-ro","8":"pa_stock-disponibilitate-in-stoc","10":"first","11":"instock","12":"sale","13":"product-type-external"},"acf":[],"_links":{"self":[{"href":"https:\/\/bitsmag.ro\/aff\/wp-json\/wp\/v2\/product\/85667","targetHints":{"allow":["GET"]}}],"collection":[{"href":"https:\/\/bitsmag.ro\/aff\/wp-json\/wp\/v2\/product"}],"about":[{"href":"https:\/\/bitsmag.ro\/aff\/wp-json\/wp\/v2\/types\/product"}],"replies":[{"embeddable":true,"href":"https:\/\/bitsmag.ro\/aff\/wp-json\/wp\/v2\/comments?post=85667"}],"wp:featuredmedia":[{"embeddable":true,"href":"https:\/\/bitsmag.ro\/aff\/wp-json\/wp\/v2\/media\/70929"}],"wp:attachment":[{"href":"https:\/\/bitsmag.ro\/aff\/wp-json\/wp\/v2\/media?parent=85667"}],"wp:term":[{"taxonomy":"product_brand","embeddable":true,"href":"https:\/\/bitsmag.ro\/aff\/wp-json\/wp\/v2\/product_brand?post=85667"},{"taxonomy":"product_cat","embeddable":true,"href":"https:\/\/bitsmag.ro\/aff\/wp-json\/wp\/v2\/product_cat?post=85667"},{"taxonomy":"product_tag","embeddable":true,"href":"https:\/\/bitsmag.ro\/aff\/wp-json\/wp\/v2\/product_tag?post=85667"}],"curies":[{"name":"wp","href":"https:\/\/api.w.org\/{rel}","templated":true}]}}