{"id":85737,"date":"2025-08-01T13:01:09","date_gmt":"2025-08-01T13:01:09","guid":{"rendered":"https:\/\/bitsmag.ro\/aff\/shop\/uncategorized\/detector-de-scurgeri-de-gaz-si-alarma-de-incendiu-techstar-wi-fi-150ma-afisaj-lcd-control-app-tuya-notificari-push-alb\/"},"modified":"2025-08-01T13:01:10","modified_gmt":"2025-08-01T13:01:10","slug":"detector-de-scurgeri-de-gaz-si-alarma-de-incendiu-techstar-wi-fi-150ma-afisaj-lcd-control-app-tuya-notificari-push-alb","status":"publish","type":"product","link":"https:\/\/bitsmag.ro\/aff\/shop\/techstar-ro\/drone\/detector-de-scurgeri-de-gaz-si-alarma-de-incendiu-techstar-wi-fi-150ma-afisaj-lcd-control-app-tuya-notificari-push-alb\/","title":{"rendered":"Detector de scurgeri de gaz si alarma de incendiu Techstar\u00ae, Wi-Fi, 150mA, Afisaj LCD, Control APP Tuya, Notificari Push, Alb"},"content":{"rendered":"<p>Detector de scurgeri de gaz si alarma de incendiu Techstar\u00ae, Wi-Fi, 150mA, Afisaj LCD, Control APP Tuya, Notificari Push, Alb|Detectorul de scurgeri de gaz de la Techstar\u00ae este special conceput pentru a detecta gazele explozive (gaz natural \u0219i GPL) \u00een aer pentru case, birouri \u0219i mai multe locuri. \u00cen cazul unei scurgeri de gaz, veti fi imediat atentionati, indiferent unde va aflati, trimite notificarea text pe telefonul mobil \u0219i ac\u021bioneaz\u0103 supapa\/principalul pentru a opri sursa de scurgere de gaz. Ecran LCD color TFT mare afi\u0219eaz\u0103 clar data, s\u0103pt\u0103m\u00e2na, ora, valoarea concentra\u021biei de gaz, temperatura etc. U\u0219or de || Techstar.ro <\/p>\n<p>Disponibilitate: In Stoc<\/p>\n","protected":false},"excerpt":{"rendered":"<p>Detectorul de scurgeri de gaz de la Techstar\u00ae este special conceput pentru a detecta gazele explozive (gaz natural \u0219i GPL) \u00een aer pentru case, birouri \u0219i mai multe locuri. \u00cen cazul unei scurgeri de gaz, veti fi imediat atentionati, indiferent unde va aflati, trimite notificarea text pe telefonul mobil \u0219i ac\u021bioneaz\u0103 supapa\/principalul pentru a opri sursa de scurgere de gaz. Ecran LCD color TFT mare afi\u0219eaz\u0103 clar data, s\u0103pt\u0103m\u00e2na, ora, valoarea concentra\u021biei de gaz, temperatura etc. U\u0219or de<a class=\"button\" href=\"https:\/\/bitsmag.ro\/aff\/shop\/techstar-ro\/drone\/detector-de-scurgeri-de-gaz-si-alarma-de-incendiu-techstar-wi-fi-150ma-afisaj-lcd-control-app-tuya-notificari-push-alb\/\" title=\"More\">Read more<\/a><\/p>\n","protected":false},"featured_media":71196,"comment_status":"open","ping_status":"open","template":"","meta":{"_acf_changed":false},"product_brand":[],"product_cat":[13568,175],"product_tag":[],"class_list":{"0":"post-85737","1":"product","2":"type-product","3":"status-publish","4":"has-post-thumbnail","6":"product_cat-drone","7":"product_cat-techstar-ro","8":"pa_stock-disponibilitate-in-stoc","10":"first","11":"instock","12":"product-type-external"},"acf":[],"_links":{"self":[{"href":"https:\/\/bitsmag.ro\/aff\/wp-json\/wp\/v2\/product\/85737","targetHints":{"allow":["GET"]}}],"collection":[{"href":"https:\/\/bitsmag.ro\/aff\/wp-json\/wp\/v2\/product"}],"about":[{"href":"https:\/\/bitsmag.ro\/aff\/wp-json\/wp\/v2\/types\/product"}],"replies":[{"embeddable":true,"href":"https:\/\/bitsmag.ro\/aff\/wp-json\/wp\/v2\/comments?post=85737"}],"wp:featuredmedia":[{"embeddable":true,"href":"https:\/\/bitsmag.ro\/aff\/wp-json\/wp\/v2\/media\/71196"}],"wp:attachment":[{"href":"https:\/\/bitsmag.ro\/aff\/wp-json\/wp\/v2\/media?parent=85737"}],"wp:term":[{"taxonomy":"product_brand","embeddable":true,"href":"https:\/\/bitsmag.ro\/aff\/wp-json\/wp\/v2\/product_brand?post=85737"},{"taxonomy":"product_cat","embeddable":true,"href":"https:\/\/bitsmag.ro\/aff\/wp-json\/wp\/v2\/product_cat?post=85737"},{"taxonomy":"product_tag","embeddable":true,"href":"https:\/\/bitsmag.ro\/aff\/wp-json\/wp\/v2\/product_tag?post=85737"}],"curies":[{"name":"wp","href":"https:\/\/api.w.org\/{rel}","templated":true}]}}