{"id":86176,"date":"2025-08-01T13:04:07","date_gmt":"2025-08-01T13:04:07","guid":{"rendered":"https:\/\/bitsmag.ro\/aff\/shop\/uncategorized\/smartwatch-bluetooth-dz09-mtk-compatibil-sim-si-microsd-cu-camera-negru\/"},"modified":"2025-08-01T13:04:08","modified_gmt":"2025-08-01T13:04:08","slug":"smartwatch-bluetooth-dz09-mtk-compatibil-sim-si-microsd-cu-camera-negru","status":"publish","type":"product","link":"https:\/\/bitsmag.ro\/aff\/shop\/techstar-ro\/aplice-si-plafoniere\/smartwatch-bluetooth-dz09-mtk-compatibil-sim-si-microsd-cu-camera-negru\/","title":{"rendered":"Smartwatch Bluetooth DZ09 MTK Compatibil SIM si MicroSD cu Camera Negru"},"content":{"rendered":"<p>Smartwatch Bluetooth DZ09 MTK Compatibil SIM si MicroSD cu Camera Negru|Suport\u0103 card de memorie extern microSD de p\u00e2n\u0103 la32 GB. Baterie 380mAh Lithium-lon ce permite p\u00e2n\u0103 la 72 ore de standby sau 3 ore de convorbiri. Poate fi utilizat \u015fi ca telefon mobil independent datorit\u0103 slotului MicroSim f\u0103r\u0103 conectarea la smartphone. Design-ul lui aduce mult cu cele de la Samsung \u015fi poate fi denumit un smartwatch util \u015fi pl\u0103cut ca design. Functii Principale: Compatibil GSM 850\/900\/1800\/1900 MHz prin adaugare cartela SIM Apelare prin Bluetooth, Call Reminder, Telefon || Techstar.ro <\/p>\n<p>Disponibilitate: In Stoc<\/p>\n","protected":false},"excerpt":{"rendered":"<p>Suport\u0103 card de memorie extern microSD de p\u00e2n\u0103 la32 GB. Baterie 380mAh Lithium-lon ce permite p\u00e2n\u0103 la 72 ore de standby sau 3 ore de convorbiri. Poate fi utilizat \u015fi ca telefon mobil independent datorit\u0103 slotului MicroSim f\u0103r\u0103 conectarea la smartphone. Design-ul lui aduce mult cu cele de la Samsung \u015fi poate fi denumit un smartwatch util \u015fi pl\u0103cut ca design. Functii Principale: Compatibil GSM 850\/900\/1800\/1900 MHz prin adaugare cartela SIM Apelare prin Bluetooth, Call Reminder, Telefon<a class=\"button\" href=\"https:\/\/bitsmag.ro\/aff\/shop\/techstar-ro\/aplice-si-plafoniere\/smartwatch-bluetooth-dz09-mtk-compatibil-sim-si-microsd-cu-camera-negru\/\" title=\"More\">Read more<\/a><\/p>\n","protected":false},"featured_media":72161,"comment_status":"open","ping_status":"open","template":"","meta":{"_acf_changed":false},"product_brand":[],"product_cat":[13535,175],"product_tag":[],"class_list":{"0":"post-86176","1":"product","2":"type-product","3":"status-publish","4":"has-post-thumbnail","6":"product_cat-aplice-si-plafoniere","7":"product_cat-techstar-ro","8":"pa_stock-disponibilitate-in-stoc","10":"first","11":"instock","12":"sale","13":"product-type-external"},"acf":[],"_links":{"self":[{"href":"https:\/\/bitsmag.ro\/aff\/wp-json\/wp\/v2\/product\/86176","targetHints":{"allow":["GET"]}}],"collection":[{"href":"https:\/\/bitsmag.ro\/aff\/wp-json\/wp\/v2\/product"}],"about":[{"href":"https:\/\/bitsmag.ro\/aff\/wp-json\/wp\/v2\/types\/product"}],"replies":[{"embeddable":true,"href":"https:\/\/bitsmag.ro\/aff\/wp-json\/wp\/v2\/comments?post=86176"}],"wp:featuredmedia":[{"embeddable":true,"href":"https:\/\/bitsmag.ro\/aff\/wp-json\/wp\/v2\/media\/72161"}],"wp:attachment":[{"href":"https:\/\/bitsmag.ro\/aff\/wp-json\/wp\/v2\/media?parent=86176"}],"wp:term":[{"taxonomy":"product_brand","embeddable":true,"href":"https:\/\/bitsmag.ro\/aff\/wp-json\/wp\/v2\/product_brand?post=86176"},{"taxonomy":"product_cat","embeddable":true,"href":"https:\/\/bitsmag.ro\/aff\/wp-json\/wp\/v2\/product_cat?post=86176"},{"taxonomy":"product_tag","embeddable":true,"href":"https:\/\/bitsmag.ro\/aff\/wp-json\/wp\/v2\/product_tag?post=86176"}],"curies":[{"name":"wp","href":"https:\/\/api.w.org\/{rel}","templated":true}]}}