{"id":86281,"date":"2025-08-01T13:05:47","date_gmt":"2025-08-01T13:05:47","guid":{"rendered":"https:\/\/bitsmag.ro\/aff\/shop\/uncategorized\/suport-auto-telefon-tip-gravity-prindere-in-5-puncte-fara-magnet-metalic-negru\/"},"modified":"2025-08-01T13:05:54","modified_gmt":"2025-08-01T13:05:54","slug":"suport-auto-telefon-tip-gravity-prindere-in-5-puncte-fara-magnet-metalic-negru","status":"publish","type":"product","link":"https:\/\/bitsmag.ro\/aff\/shop\/techstar-ro\/riser-pci\/suport-auto-telefon-tip-gravity-prindere-in-5-puncte-fara-magnet-metalic-negru\/","title":{"rendered":"Suport auto Telefon tip Gravity, Prindere in 5 Puncte, Fara Magnet, Metalic, Negru"},"content":{"rendered":"<p>Suport auto Telefon tip Gravity, Prindere in 5 Puncte, Fara Magnet, Metalic, Negru|INSTALARE USOARA! &#8211; Suportul nostru de telefon poate fi u\u0219or instalat aerisirea ma\u0219inii! Pur \u0219i simplu fixa\u021bi-l \u00een orificiul de aerisire a ma\u0219inii dvs. \u0219i gata, este instalat! SECURIZAT IN 5 PUNCTE! &#8211; Suportul pentru telefonul are un sistem de securitate \u00een cinci puncte care v\u0103 va p\u0103stra telefonul \u00een siguran\u021b\u0103 \u0219i f\u0103r\u0103 a c\u0103dea! STA IN ORICE POZI\u021aIE! &#8211; Fie c\u0103 \u00eel ave\u021bi drept \u00een sus sau pu\u021bin \u00een lateral, tot va func\u021biona! Pozi\u021bioneaz\u0103-l \u00een dorin\u021ba inimii tale! Cu bil\u0103 de rota\u021bie , || Techstar.ro <\/p>\n<p>Disponibilitate: In Stoc<\/p>\n","protected":false},"excerpt":{"rendered":"<p>INSTALARE USOARA! &#8211; Suportul nostru de telefon poate fi u\u0219or instalat aerisirea ma\u0219inii! Pur \u0219i simplu fixa\u021bi-l \u00een orificiul de aerisire a ma\u0219inii dvs. \u0219i gata, este instalat! SECURIZAT IN 5 PUNCTE! &#8211; Suportul pentru telefonul are un sistem de securitate \u00een cinci puncte care v\u0103 va p\u0103stra telefonul \u00een siguran\u021b\u0103 \u0219i f\u0103r\u0103 a c\u0103dea! STA IN ORICE POZI\u021aIE! &#8211; Fie c\u0103 \u00eel ave\u021bi drept \u00een sus sau pu\u021bin \u00een lateral, tot va func\u021biona! Pozi\u021bioneaz\u0103-l \u00een dorin\u021ba inimii tale! Cu bil\u0103 de rota\u021bie ,<a class=\"button\" href=\"https:\/\/bitsmag.ro\/aff\/shop\/techstar-ro\/riser-pci\/suport-auto-telefon-tip-gravity-prindere-in-5-puncte-fara-magnet-metalic-negru\/\" title=\"More\">Read more<\/a><\/p>\n","protected":false},"featured_media":72371,"comment_status":"open","ping_status":"open","template":"","meta":{"_acf_changed":false},"product_brand":[],"product_cat":[13644,175],"product_tag":[],"class_list":{"0":"post-86281","1":"product","2":"type-product","3":"status-publish","4":"has-post-thumbnail","6":"product_cat-riser-pci","7":"product_cat-techstar-ro","8":"pa_stock-disponibilitate-in-stoc","10":"first","11":"instock","12":"sale","13":"product-type-external"},"acf":[],"_links":{"self":[{"href":"https:\/\/bitsmag.ro\/aff\/wp-json\/wp\/v2\/product\/86281","targetHints":{"allow":["GET"]}}],"collection":[{"href":"https:\/\/bitsmag.ro\/aff\/wp-json\/wp\/v2\/product"}],"about":[{"href":"https:\/\/bitsmag.ro\/aff\/wp-json\/wp\/v2\/types\/product"}],"replies":[{"embeddable":true,"href":"https:\/\/bitsmag.ro\/aff\/wp-json\/wp\/v2\/comments?post=86281"}],"wp:featuredmedia":[{"embeddable":true,"href":"https:\/\/bitsmag.ro\/aff\/wp-json\/wp\/v2\/media\/72371"}],"wp:attachment":[{"href":"https:\/\/bitsmag.ro\/aff\/wp-json\/wp\/v2\/media?parent=86281"}],"wp:term":[{"taxonomy":"product_brand","embeddable":true,"href":"https:\/\/bitsmag.ro\/aff\/wp-json\/wp\/v2\/product_brand?post=86281"},{"taxonomy":"product_cat","embeddable":true,"href":"https:\/\/bitsmag.ro\/aff\/wp-json\/wp\/v2\/product_cat?post=86281"},{"taxonomy":"product_tag","embeddable":true,"href":"https:\/\/bitsmag.ro\/aff\/wp-json\/wp\/v2\/product_tag?post=86281"}],"curies":[{"name":"wp","href":"https:\/\/api.w.org\/{rel}","templated":true}]}}