{"id":86317,"date":"2025-11-24T12:29:19","date_gmt":"2025-11-24T12:29:19","guid":{"rendered":"https:\/\/bitsmag.ro\/aff\/shop\/uncategorized\/dispozitiv-tip-zgarda-anti-latrat-cu-sunet-vibratii-electrosoc-reincarcabil-usb-pentru-caini-mici-medii-mari\/"},"modified":"2025-11-24T12:29:27","modified_gmt":"2025-11-24T12:29:27","slug":"dispozitiv-tip-zgarda-anti-latrat-cu-sunet-vibratii-electrosoc-reincarcabil-usb-pentru-caini-mici-medii-mari","status":"publish","type":"product","link":"https:\/\/bitsmag.ro\/aff\/shop\/techstar-ro\/cartuse-toner-oki\/dispozitiv-tip-zgarda-anti-latrat-cu-sunet-vibratii-electrosoc-reincarcabil-usb-pentru-caini-mici-medii-mari\/","title":{"rendered":"Dispozitiv tip zgarda anti-latrat cu sunet, vibratii, electrosoc reincarcabil usb pentru caini mici, medii, mari"},"content":{"rendered":"<p>Dispozitiv tip zgarda anti-latrat cu sunet, vibratii, electrosoc reincarcabil usb pentru caini mici, medii, mari|Caracteristici: Sensibilitate ajustabila (1-7 niveluri) \u0219i 3 moduri de antrenament: moduri de tip bip, vibra\u021bii \u0219i \u0219ocuri pentru alegerea dvs., intre 0-7 nivele reglabile de vibra\u021bii \u0219i \u0219ocuri. Led digital \u0219i u\u0219or de operat: Receptor unic cu afi\u0219aj digital LED, set\u0103ri rapide indic\u00e2nd gradele de vibra\u021bie \/ \u0219oc \/ sensibilitate. Acumulator re\u00eenc\u0103rcabil \u0219i IPX3 Rezistent la ploaie: baterie \u00eencorporat\u0103 \u0219i \u00eenc\u0103rcabila prin cablu USB; Construc\u021bia solid\u0103 IPX3 rezistent\u0103 la ploaie este excelent\u0103 || Techstar.ro <\/p>\n<p>Disponibilitate: In Stoc<\/p>\n","protected":false},"excerpt":{"rendered":"<p>Caracteristici: Sensibilitate ajustabila (1-7 niveluri) \u0219i 3 moduri de antrenament: moduri de tip bip, vibra\u021bii \u0219i \u0219ocuri pentru alegerea dvs., intre 0-7 nivele reglabile de vibra\u021bii \u0219i \u0219ocuri. Led digital \u0219i u\u0219or de operat: Receptor unic cu afi\u0219aj digital LED, set\u0103ri rapide indic\u00e2nd gradele de vibra\u021bie \/ \u0219oc \/ sensibilitate. Acumulator re\u00eenc\u0103rcabil \u0219i IPX3 Rezistent la ploaie: baterie \u00eencorporat\u0103 \u0219i \u00eenc\u0103rcabila prin cablu USB; Construc\u021bia solid\u0103 IPX3 rezistent\u0103 la ploaie este excelent\u0103<a class=\"button\" href=\"https:\/\/bitsmag.ro\/aff\/shop\/techstar-ro\/cartuse-toner-oki\/dispozitiv-tip-zgarda-anti-latrat-cu-sunet-vibratii-electrosoc-reincarcabil-usb-pentru-caini-mici-medii-mari\/\" title=\"More\">Read more<\/a><\/p>\n","protected":false},"featured_media":72437,"comment_status":"open","ping_status":"open","template":"","meta":{"_acf_changed":false},"product_brand":[],"product_cat":[13537,175],"product_tag":[],"class_list":{"0":"post-86317","1":"product","2":"type-product","3":"status-publish","4":"has-post-thumbnail","6":"product_cat-cartuse-toner-oki","7":"product_cat-techstar-ro","8":"pa_stock-disponibilitate-in-stoc","10":"first","11":"instock","12":"sale","13":"product-type-external"},"acf":[],"_links":{"self":[{"href":"https:\/\/bitsmag.ro\/aff\/wp-json\/wp\/v2\/product\/86317","targetHints":{"allow":["GET"]}}],"collection":[{"href":"https:\/\/bitsmag.ro\/aff\/wp-json\/wp\/v2\/product"}],"about":[{"href":"https:\/\/bitsmag.ro\/aff\/wp-json\/wp\/v2\/types\/product"}],"replies":[{"embeddable":true,"href":"https:\/\/bitsmag.ro\/aff\/wp-json\/wp\/v2\/comments?post=86317"}],"wp:featuredmedia":[{"embeddable":true,"href":"https:\/\/bitsmag.ro\/aff\/wp-json\/wp\/v2\/media\/72437"}],"wp:attachment":[{"href":"https:\/\/bitsmag.ro\/aff\/wp-json\/wp\/v2\/media?parent=86317"}],"wp:term":[{"taxonomy":"product_brand","embeddable":true,"href":"https:\/\/bitsmag.ro\/aff\/wp-json\/wp\/v2\/product_brand?post=86317"},{"taxonomy":"product_cat","embeddable":true,"href":"https:\/\/bitsmag.ro\/aff\/wp-json\/wp\/v2\/product_cat?post=86317"},{"taxonomy":"product_tag","embeddable":true,"href":"https:\/\/bitsmag.ro\/aff\/wp-json\/wp\/v2\/product_tag?post=86317"}],"curies":[{"name":"wp","href":"https:\/\/api.w.org\/{rel}","templated":true}]}}